et w(s) be the first derivative of s**3/3 + 3*s**2/2 - 1. Let c(h) = h**3 + h - 4. Let r be c(0). What is the units digit of w(r)?
4
Let x = 0 + -5. Let z be 12/15*x/(-2). Let l = z + 0. What is the units digit of l?
2
Suppose 7 = 5*s + 2. Suppose 3*b = s + 29. Let o(i) = i**3 - 9*i**2 - 10*i + 3. What is the units digit of o(b)?
3
Let h(l) = 29*l - 1. Let z(w) = -w**2 + 8*w + 10. Let o be z(9). Let v be h(o). Suppose -3*s + v = -5*y + 4*y, -3*y - 48 = -5*s. What is the units digit of s?
9
Let j(v) = -v**3 + 2*v**2 + 3*v + 4. Let n be j(3). Suppose -8*y + 100 = -n*y. What is the units digit of y?
5
Let u = 0 + 66. What is the units digit of (-1)/(196/u + -3)?
3
Suppose -2*r + 6 - 18 = 0. What is the tens digit of r/(-10) + 117/5?
2
What is the tens digit of (-6)/(-4) + (-171)/(-6)?
3
Let l(t) = t + 32. Let y be l(0). Suppose -2*w = -2*o - y, -2*w + 3 = 2*o - 9. What is the tens digit of w?
1
Let h = -38 - -64. What is the tens digit of h?
2
Let c = -154 + 175. What is the units digit of c?
1
Suppose -5*g - 115 + 1085 = 0. What is the tens digit of g/18 + (-6)/(-27)?
1
Let h(r) = r**3 - 6*r**2 - 4*r - 9. Let i be h(7). What is the units digit of (0 + 1)/(3/i)?
4
Suppose 4*f + 7 = 59. What is the units digit of f?
3
Let h(o) = -o**3 + 5*o**2 - 2*o + 4. Let s be h(4). Suppose -2*a - f + 12 = -3, a - f - s = 0. What is the units digit of a?
9
Let k = 4 + 38. What is the units digit of k?
2
Suppose -5 = 5*x - 0. Let i(j) = -14*j. Let u be i(x). What is the units digit of 7/u - (-2)/4?
1
Let l = -51 - 1. Let b = 15 + -11. What is the units digit of 6/b*l/(-6)?
3
Suppose 5*l - 6*l = -30. Suppose 0 = -g + z + 4*z + 11, -2*g + 2*z = -l. What is the units digit of g?
6
Suppose 2*a - 3*i = -2*a + 47, 3*a = 4*i + 44. Suppose a*j = 5*j + 132. What is the units digit of j?
4
Suppose 0 = -3*c + 2*c - 2. Let q be 4/2*c/4. Let r = 4 + q. What is the units digit of r?
3
Let q = 357 - 191. Suppose 0 = -5*c + q - 16. What is the tens digit of c?
3
What is the units digit of 399/(-38)*(-1 - 1)?
1
Let r(i) = i**3 + i**2 + 4. Let v be r(0). Suppose -v*m = 2*x - 3*x + 7, -7 = -3*x - 2*m. Suppose 5 - x = k. What is the units digit of k?
2
Let s(o) = -5*o + 4. Let u be s(3). Let y = u - -6. What is the units digit of (12/(-10))/(1/y)?
6
Suppose -q = 3*q. Let v be (q/(-1))/(0 - 2). Suppose 1 = -c - 5*y, v = -3*c + 4*y + 8 + 8. What is the units digit of c?
4
Let l = 5 - 0. What is the units digit of l?
5
Let f(r) be the second derivative of -r**4/12 + 17*r**2/2 - r. Let q be f(0). Suppose 3*h + q = 2*v - 5, -v - 4*h = -22. What is the tens digit of v?
1
Suppose 0 = s + s - h - 7, -4*s + 5*h = -5. Suppose 0 = -5*q - s*b + 5, -q = 4*q - 3*b - 45. What is the units digit of q?
6
Let u(b) = 2*b - 2. What is the tens digit of u(9)?
1
What is the units digit of (36/(-42))/((-2)/7)?
3
Let m = -162 + 304. What is the tens digit of m?
4
Suppose 8*d = 10*d - 34. What is the tens digit of d?
1
Suppose -3*b - 5 = -2*b, -4*o + 5*b = -41. Suppose o*y = -157 + 61. What is the units digit of (-1)/(-2)*(0 - y)?
2
Let k(b) = -b**3 + b**2 + b + 8. What is the tens digit of k(-4)?
8
Suppose -r + 80 = 4*t, 0 = 5*t - 4*r - 23 - 56. What is the units digit of t?
9
What is the units digit of 254/(3 - (-1 - -2))?
7
Suppose 4*o = -o. Let y be 11 - (0 - o)/2. Let n = y - 5. What is the units digit of n?
6
Let b be 38/(-4) - 6/(-12). Let j be 39/(-9)*b/3. Suppose -3*r + 12 = 0, -3*r = -4*m + j + 3. What is the units digit of m?
7
Let i be -1 + (-1 - 1) + 16. Suppose a - 2*a = -i. What is the tens digit of a?
1
Let k(b) = b**3 - 4*b - 1. Let o be k(3). Suppose 2*f - 16 = -3*v, -f = -3*v + 3*f - o. What is the units digit of v?
2
Let v = -15 + 9. Let c(m) = m**2 + 6*m + 9. What is the units digit of c(v)?
9
Let b be ((-40)/25)/(1/(-10)). Suppose h + b = 2*h. Suppose n = -0*v - 4*v - h, 3*v + 15 = 0. What is the units digit of n?
4
Let m be 3*(12/9 - 0). Suppose m*b + 3*v + 10 - 189 = 0, 0 = 5*b + 2*v - 222. What is the units digit of b?
4
Suppose 10*i - 2*i = 104. What is the units digit of i?
3
Suppose 5*o = -0*o + 275. What is the units digit of o?
5
Let t = -3 + 5. Let a = -98 + 101. What is the tens digit of t/a + (-86)/(-6)?
1
Let g(r) = r**3 - 5*r**2 + 5*r - 3. Let a be g(4). Let y(h) = 30*h + 4*h**2 - h**2 - 31*h. What is the units digit of y(a)?
2
Suppose j = -4*f - 88, 5*j = -3*f + 75 - 447. What is the tens digit of (1/1)/((-6)/j)?
1
Let s be 2/10 + 18/10. Suppose -5*w + s*l = -269, 9 + 153 = 3*w - l. What is the units digit of w?
5
Let w(m) = 3*m**2 + 4*m + 12. What is the tens digit of w(-5)?
6
Let p = -31 + 39. What is the units digit of p?
8
Let u(p) = 11*p - 18. What is the units digit of u(4)?
6
Let s = -28 + 113. What is the tens digit of s?
8
Suppose 5*c = -r + 12, -3*c + r - 2 = -3*r. Suppose -6*s + 2*s - 10 = c*j, -3*s + j + 5 = 0. Suppose s = -0*n + n - 4. What is the units digit of n?
4
Let v = -86 - -100. What is the tens digit of v?
1
What is the hundreds digit of (-12)/(-9) - 1059/(-9) - -4?
1
Let v = 8 + -4. Suppose 0 = -4*y + v*f - 12, 0*f + f = -y + 5. Let k(i) = 9*i**3 - i**2 + 1. What is the units digit of k(y)?
9
What is the units digit of (-40)/(-3)*180/48?
0
Let s(c) = 4*c + 1. Let f be s(1). Suppose -8 = -5*g + n + 2*n, 4*g - f*n + 4 = 0. Let v = g - 2. What is the units digit of v?
2
Let w = -3 + 5. Suppose -3*r + w*r = -8. What is the units digit of r?
8
What is the hundreds digit of (-13657)/(-49) - 4/(-14)?
2
Let r(b) = 8*b - 5. Let s be r(4). Suppose o = -2*o + s. What is the units digit of o?
9
Let m(s) = s**3 - 6*s**2 + 4*s - 3. What is the tens digit of m(6)?
2
Let m be (-1)/((2/30)/1). What is the units digit of ((-44)/(-20))/((-3)/m)?
1
Let v be (0 - -1)*(0 + 28). Let m be (-4 - -2 - -1) + 4. What is the units digit of v/6*m/2?
7
Suppose 4*h = 4*x - 28, 4*x + 1 = -h + 24. Let g(o) = 5*o - 2. Let p be g(4). Suppose 0 = 4*u - p - x. What is the units digit of u?
6
Let d be 1 - 0 - (-4 + 3). Suppose -3*g - 14 = -d*b, -4*g + 8 = 4*b - 0*g. Suppose -4*i = -5*i + b. What is the units digit of i?
4
Let p = -48 - -80. What is the units digit of p?
2
Let d be 8/10*10/4. Suppose 0 = -2*a + 6 + d. Suppose 3*y = q + 2*y - 7, a*q + 2*y = -2. What is the units digit of q?
2
What is the units digit of ((-36)/(-5))/((-6)/(-90))?
8
Let v = 1 - 2. Let z(l) = -18*l - 15. Let i(y) = -9*y - 7. Let c(x) = 13*i(x) - 6*z(x). What is the units digit of c(v)?
8
Suppose g = 4*g - 126. What is the tens digit of g?
4
What is the units digit of (45/(-60))/(2/(-528))?
8
Suppose -2*q = 0, -q = 5*y + 4*q. Suppose y*w + 3*w = 48. What is the tens digit of (-1 - (-5 + 3)) + w?
1
Let a(o) = o + 7. What is the units digit of a(3)?
0
Suppose 2*l + 2*n = 86, -3*n + 223 = 4*l + l. What is the tens digit of l?
4
Let h(d) = d**3 + d**2 - d. What is the tens digit of h(3)?
3
Suppose 5*r + 5*d - 30 = 0, 4*r - 2*d = -r + 2. Suppose -4*f + 136 = -0*f. Suppose -4*v + 2*w = -f - r, -4*w - 36 = -4*v. What is the units digit of v?
9
Suppose -p = -143 + 56. What is the units digit of p?
7
What is the tens digit of -3 - (3 + -19)*2?
2
Suppose 0*t - 2*t = 4. Let q(o) = o**3 + 2*o**2 - 2*o - 2. Let f be q(t). Suppose 3*r - 42 = -3*m, f*r = -4*m + 5*r + 28. What is the units digit of m?
0
Let y(w) = 3*w**2 - 11*w + 1. What is the tens digit of y(5)?
2
Suppose 3*k - k - 5*o - 1 = 0, -2 = -2*o. Suppose -k*p = -0*p - 9. What is the units digit of p?
3
Suppose 2*l = 4*n - 14, 3*n + 8 = 4*n - 2*l. Suppose 0 = -5*h + 3*h + x + 77, 5*h - 190 = n*x. What is the tens digit of h?
3
Let o = -34 - -123. What is the tens digit of o?
8
Suppose 3*w + w = -40. Let m = 11 + w. What is the units digit of m?
1
Suppose 36 = 7*w - 3*w. What is the units digit of w?
9
Let m(a) = 36*a + 13. What is the hundreds digit of m(4)?
1
Suppose 2*d - 4*d = -36. Let h = -31 + d. What is the tens digit of (-2)/(-1)*-1 - h?
1
Suppose 12*i = -2*i + 2800. What is the hundreds digit of i?
2
Let j(a) = -3*a + 2. Let u be j(-9). Let k = 41 - u. What is the tens digit of (-117)/(-12) - (-3)/k?
1
Suppose -16*w + 4*w = -336. What is the tens digit of w?
2
Suppose -4*w + 2*k = -115 + 37, 0 = 5*w - 5*k - 90. What is the tens digit of w?
2
Let n(q) = -q**3 - 3*q**2 - q + 2. Let h(a) = a**3. Let o be h(0). Suppose 3*r + 4 + 5 = o. What is the units di